
What is the value of -18 + 38 - (23 + -4)?
1
Calculate (-25 - (14 + -21 + -6)) + -18.
-30
What is the value of -96 - -90 - (-5 + 23)?
-24
-12 + (10 - -10) + -7 + -2 + 0
-1
-7 + (-5 - (5 - 14)) - (-3 + -2)
2
What is the value of -13 - (8 - 22 - 12)?
13
Evaluate -8 - (0 + 10) - -4.
-14
What is the value of -6 + 1 + (2 - -1 - 1) + -2?
-5
Calculate -9 + 17 + -3 - 7 - 7.
-9
What is 116 - 125 - (-3 + 3 + 0)?
-9
What is -9 - (-25 - -2) - 10?
4
Evaluate (-1 - 14) + (-20 - -31).
-4
What is the value of (3 - ((1 + 2 - 0) + -1)) + 16?
17
What is 1 + 12 + (0 - (17 + -13))?
9
What is the value of (2 - 9) + 0 + (68 + -15 - 26)?
20
Evaluate 6 + -17 - (6 - -3).
-20
What is the value of -43 - -11 - (-7 - 7)?
-18
Calculate 10 + (-3 - 23) + 10 + 15.
9
Calculate -543 + 516 - (-1 + -39).
13
Calculate (3 - (3 - 6 - -2)) + 46 + -50.
0
(-1 + -2 - (-29 - -39 - 3)) + 38
28
Evaluate (-3 + 8 - 0) + (-4 - (14 - 4)).
-9
Calculate (-5 - (-3 + 11)) + -4 + (0 - -1).
-16
What is -46 + 14 + 1 + (169 - 176)?
-38
Evaluate 1 + (3 - 4) + (-8 - (5 - 10)).
-3
What is -13 - (9 - 13) - -25?
16
What is (70 - 73) + (-4 - 2)?
-9
What is -2 + (4 - (3 - -1) - -2) + -3?
-3
What is the value of -1 + -2 - (-49 + 52)?
-6
What is -30 + 2 + (8 - -3) + -55 + 37?
-35
Calculate -18 - (-9 + (-5 - (-5 + 5))).
-4
What is 7 + (1 - (-17 + 3 + 29))?
-7
Calculate -32 + 2 + (-5 - -9).
-26
What is the value of -8 - (1 + -8 - (258 + -274))?
-17
Calculate -19 - (-4 + 0 + -52 + 49).
-12
What is 10 + ((1 - -1) + -3 - (19 - 19))?
9
Evaluate (0 - -6) + (-9 - (4 - 7)) + 2.
2
Calculate (-800 - -780) + -6 + -2.
-28
What is 18 + (6 + -8 + 4 + 4 - 13)?
11
Evaluate 10 + (39 + -21 - 7).
21
Calculate (-6 - -18) + -12 - 11 - -1.
-10
7 - (-9 + (-1 - -3) + 7)
7
Evaluate (-15 + (5 + -3 - -4) - -17) + -4.
4
Evaluate -11 - (6 - (4 - -7) - 3) - 7.
-10
What is the value of 11 + 10 + 0 + -3 + (-69 - -54)?
3
(30 - 1) + (9 - (23 - 17) - -4)
36
What is 19 + (0 - (-18 - -29))?
8
What is (-348 - -341) + 9 + 0?
2
What is -133 + 124 + (0 - -10)?
1
-3 + (-9 - 25 - -33)
-4
What is the value of 345 + -360 + -9 + -1?
-25
What is the value of 1 + 15 + (8 - 21)?
3
Calculate (-4 - -13) + -19 + 12 - (-12 + -2).
16
Calculate 22 - (-11 + 5 + -10).
38
Calculate 35 + 1 + (1 - 16).
21
Calculate 22 + -16 + 11 + -3.
14
What is the value of (-597 - -615) + (-62 - -3)?
-41
(2 - (1 - 6)) + -12 + 1
-4
Evaluate (6 - 1) + 0 - (-15 - -15).
5
Calculate -18 + (7 - 3) + 20 + -23.
-17
Calculate 20 - (-14 + 21 + -1 + 1).
13
What is (-1 - 20) + (186 - 173) - 14?
-22
What is (-47 - -45 - (-5 - -1)) + 9 + 1?
12
Evaluate (-38 + 71 - 36) + -11 + 1.
-13
(-156 - -156) + (32 - 1)
31
-4 + 0 + (-42 - -47) - 5
-4
-3 - (26 - 33) - (3 - 4) - 1
4
What is the value of -2 + 6 + (-5 + (3 - 5) - -11)?
8
-10 - (6 + 2 - (-14 + 15 + 1))
-16
What is (171 - 164) + 7 + (0 - 1 - 0)?
13
Calculate (9 - (2 + -4)) + -54 + 48 - -7.
12
What is the value of (-4 + -2 - -7) + (-5 - (-2 + 8))?
-10
Evaluate (-41 - -12) + (20 - 6).
-15
Evaluate -16 - ((9 - 11) + -25).
11
Evaluate -35 - (-31 + 4) - (15 - 4).
-19
-9 + 1 - (7 - (2 + 43 + -5))
25
What is the value of 14 - (0 - 8 - -14)?
8
Evaluate (32 - (0 + -1)) + (-125 - (-176 + 55)).
29
Evaluate 2 + 9 + (9 - (9 - -5)).
6
-4 - (-17 + (9 - 16 - -12))
8
Calculate -42 + 35 + (8 - (-2 + 5)).
-2
-2098 + 2123 + 1 + -15
11
What is 43 - (-4 - -35) - 12?
0
Evaluate -16 - (1 + -4 - (7 - -31 - 33)).
-8
What is 7 + -30 + 64 + -7?
34
Evaluate -16 + 32 + -34 + 33.
15
What is -1 + -3 - (-1 - 14 - -6)?
5
What is the value of -5 + 2 - -10 - 18 - (-3 + 19)?
-27
Calculate (30 - 22) + (-9 - -9).
8
Calculate -10 - 2 - ((-7 - 13 - -3) + 13).
-8
Evaluate 39 - (11 + (12 - 1)).
17
Evaluate 1 + 18 + (452 - 460).
11
What is 20 - 25 - (-1 + -3 + 1) - 3?
-5
Evaluate (-1 - -2 - 11) + 10 - 2.
-2
What is -11 + 19 - 9 - -13 - 9?
3
5 + 7 - (-2 + -4 - -7)
11
Calculate 4 + (9 + -9 - 7).
-3
What is -7 - (-14 - -15 - (4 + 2 + -13))?
-15
Calculate 15 - (-1 - 0) - (-42 + 147 - 98).
9
Calculate -5 + -8 - (-114 - -86).
15
What is (2 - 2) + -1 + 38 + -23 + -5?
9
Calculate 0 + (-2 - (-2 - -5)) + -720 + 725.
0
Calculate 1 + 16 + -11 + (-2 - -8).
12
What is the value of 22 + -21 + 2 + 0?
3
4 - ((5 - (1 - 3)) + -4)
1
What is the value of (-64 - -29) + 1 - -36?
2
Calculate (8 - (19 - 12) - -5) + -19 + -1.
-14
What is 4 - (-2 + (-22 - -44))?
-16
2 + 11 + (-15 - 6) - -11
3
Calculate (0 - -3) + -8 - (-15 + (6 - 6)).
10
What is (-10 - 1) + -4 + 10 - (-17 - -3)?
9
65 - 55 - (0 + -3)
13
What is the value of 7 + 4 - 3 - -1?
9
-2 + 0 + 2 + 11 + -17 + 10
4
What is 23 + -16 + (-11 - (7 - 4))?
-7
What is (0 - (19 - 11)) + 2?
-6
Calculate -25 + (-3 - (12 - 7) - 1).
-34
-2 + (-9 + (-4 - (3 + -8)) - 0)
-10
Evaluate (1769 - 1755) + (-5 + -2 - (0 + -1)).
8
8 - (-10 + 13 + 13 + 23)
-31
Evaluate -1 - (14 - (3 - 0)) - -14.
2
Evaluate -2 + 30 + -17 - 35.
-24
Evaluate 38 + -36 + -3 + -1 - 2.
-4
Calculate 13 - (2 + -21 - (-55 - 0)).
-23
Evaluate (0 - -1) + (-37 + 34 - (9 - -1)).
-12
19 + -6 + -15 + 8 - 10
-4
(-1 - (-1 - 10 - 1)) + 555 + -583
-17
What is the value of -13 + (-21 - -17) + 28?
11
Calculate -31 - (26 - 31) - (-3 - -1 - -4).
-28
Calculate 23 + -25 + -2 + 35.
31
Calculate 10 - 0 - (5 + 0 - -17).
-12
Calculate 8 - (2 - 14) - (-15 + 4).
31
What is the value of (-11 - (-6 - 18)) + -5?
8
Calculate (26 - (2 - 2)) + 168 + -167.
27
What is -1 + 7 - (2 + (-9 - -13))?
0
Evaluate 10 + 8 + -16 + -10.
-8
-2 - ((-6 - 10 - -6) + 13)
-5
Calculate -18 - (14 - (-20 - -54)).
2
What is (1 - 3) + (7 - (14 - (6 - -19)))?
16
What is the value of -12 + -7 + (15 - 6)?
-10
-1864 + 1856 - (14 - (-1 - -3 - 1))
-21
Evaluate 16 + (-3 - -11 - 20).
4
What is the value of 2 + 5 + -2 + -1 - (20 - 22)?
6
Calculate -4 + 25 - (4 - 9 - 0 - -1).
25
Calculate 295 + -332 + 1 + 54.
18
What is the value of 4 - 3 - -13 - (-269 + 265)?
18
Evaluate 23 + -12 + (13 - 14).
10
Calculate (-2 - -12) + (29 + -36 - (-1 + -6)).
10
-3 + 6 - -10 - 21
-8
Evaluate 0 + 5 + -1 + (-75 - -64).
-7
Calculate 2285 + -2296 + (-18 - (0 - 1)).
-28
Evaluate (-3 + 0 - -1 - 1) + -4.
-7
-56 + 82 + (1 - (8 + 3))
16
Evaluate 15 + -22 - (-10 - -9 - (27 + 1)).
22
What is (-12 - -20) + -3 - 8?
-3
-10 + (18 - (-21 + 35))
-6
What is the value of (0 - -4 - 4) + (2 - (1 + 2))?
-1
What is the value of 5 + (-14 - -9) + 0?
0
What is (6 - 3) + -28 - (-13 + 18 - 9)?
-21
What is the value of (-6 - -11) + -5 + -10?
-10
Calculate 8 + -1 + 2 - (13 - (20 - 6)).
10
Calculate (-9 - -3 - (-25 - -17)) + 8.
10
What is the value of 25 + -21 + 28 - 8?
24
Evaluate (-43 - -55) + (0 - 3).
9
What is the value of 38 - ((22 - (9 + 3)) + 3)?
25
Calculate 13 + -3 + -2 + 3 + 4.
15
8 + (0 - 13) + -17 + 10
-12
What is the value of -34 - (143 - 162 - (0 - 6))?
-21
What is the value of 39 + 0 + -8 - 16?
15
-5 + (-8 - -1 - -2 - (-3 + -5))
-2
91 + -103 - (2 + -5 + 12)
-21
Calculate 4 - 9 - 0 - 0 - (11 + -5).
-11
4 + 4 + -6 + 2 + 3 + 7
14
-11 - (6 + (-4 - 24))
11
What is 4 + 3 + (-2 - 1) + (16 - 13)?
7
12 + 0 + 5 + (-5 - (-3 - -1))
14
Evaluate (19 - 22) + 12 + 2 - (8 + 0).
3
(-17 - -51) + -12 - 5
17
Evaluate -71 + 47 + (1 - -8).
-15
What is the value of (-1 + -3 - (-24 - -14)) + -26?
-20
Calculate 15 - (33 + (-16 - -10)).
-12
Calculate (1 - -5) + (8 + 4 - -1).
19
Evaluate 13 + -20 + -11 + (1 - -2 - -3).
-12
What is the value of -11 - (-31 - -15) - (7 - 2 - 0)?
0
What is the value of 5 + 2 + 1 + (-2 + 8 - 24)?
-10
What is -8 + (1 - (7 + -7)) + -6 + 0?
-13
What is the value of 16 + 2 + (-12 - (-2 + -14))?
22
Calculate 325 - 334 - (-3 - (-8 - 2)).
-16
27 + -1 - 1 - (15 + -9)
19
What is 20 + 30 + (-13 - 6)?
31
23 + 25 + -54 + (-2 + 2 - -1)
-5
Calculate 0 + (8 - (19 + -14)).
3
-4 + 5 + 39 + 68 + -84
24
What is the value of (10 - 7) + (4 + 4 - 8) - -13?
16
-5 - (0 + 15 + -37)
17
Evaluate 13 + (0 - -8) + -16.
5
(-18 - 9) + 18 - (0 - (39 + 0))
30
Evaluate (8 + -17 + 7 - -4) + -3.
-1
0 - ((0 - 7) + 8)
-1
What is -5 - 11 - (-14 - -13)?
-15
Evaluate -4 - (9 + -17 + 5) - (10 + -2).
-9
Calculate -14 - (23 + -45 - -25).
-17
-10 + 1 - (-206 + 199) - -3
1
Calculate 23 + 2 - (-211 - -245).
-9
5 - (-14 - (14 + -30))
3
What is (8 - 6) + -10 + 7?
-1
What is 13 + (-21 - -16) + (0 - 7)?
1
Calculate 74 + -78 + (6 - 0) + 15.
17
What is 4 - (-3 - -4) - (-8 - 4 - -5)?
10
Evaluate 1 + (9 - 6) - 16.
-12
Calculate -1 + -1 - (-56 - -40 - (12 - 0)